{"id":35559,"date":"2016-11-15T14:36:19","date_gmt":"2016-11-15T16:36:19","guid":{"rendered":"http:\/\/www.secbotucatu.org.br\/site\/?page_id=35559"},"modified":"2024-02-06T14:39:04","modified_gmt":"2024-02-06T17:39:04","slug":"historia","status":"publish","type":"page","link":"https:\/\/www.secbotucatu.org.br\/site\/historia\/","title":{"rendered":"Hist\u00f3ria"},"content":{"rendered":"<div class=\"wpb-content-wrapper\"><p>[vc_row][vc_column width=&#8221;1\/2&#8243;][vc_single_image image=&#8221;48652&#8243; img_size=&#8221;full&#8221;][\/vc_column][vc_column width=&#8221;1\/2&#8243;][vc_column_text]<b>UMA HIST\u00d3RIA DE DEDICA\u00c7\u00c3O E RESPEITO<\/b><\/p>\n<p>Em 23 de Junho de 1948 foi fundada em Botucatu pelo senhor Hor\u00e1cio Passos, a \u201cAssocia\u00e7\u00e3o Profissional dos Empregados no Com\u00e9rcio\u201d. Esse primeiro \u00f3rg\u00e3o representativo dos Comerci\u00e1rios, tinha como principal objetivo, defender seus principais anseios e diretos.<\/p>\n<p>Mais tarde, em 13 de Janeiro de 1955 essa associa\u00e7\u00e3o foi legalmente reconhecida pelo Minist\u00e9rio do Trabalho como Sindicato dos Empregados do Com\u00e9rcio de Botucatu.<\/p>\n<p>Ao longo dos anos o Sincomerci\u00e1rios de Botucatu, cresceu e solidificou-se, tornando-se um \u00f3rg\u00e3o respeitado politicamente, por outras institui\u00e7\u00f5es representativas e pelos trabalhadores da classe.<\/p>\n<p>Com sede pr\u00f3pria, localizada no centro da cidade de Botucatu, regi\u00e3o oeste de S\u00e3o Paulo com aproximadamente 120.000 habitantes, a entidade \u00e9 respons\u00e1vel pelos interesses de mais de 10.000 trabalhadores no com\u00e9rcio de sua base territorial: Botucatu (sede), Anhembi, Arei\u00f3polis, Bofete,\u00a0Conchas, Itatinga, Laranjal Paulista, Pardinho, Pereiras, Prat\u00e2nea e S\u00e3o Manuel.[\/vc_column_text][\/vc_column][\/vc_row][vc_row][vc_column width=&#8221;1\/4&#8243;][\/vc_column][vc_column width=&#8221;3\/4&#8243;][\/vc_column][\/vc_row]<\/p>\n<\/div>","protected":false},"excerpt":{"rendered":"<p>[vc_row][vc_column width=&#8221;1\/2&#8243;][vc_single_image image=&#8221;48652&#8243; img_size=&#8221;full&#8221;][\/vc_column][vc_column width=&#8221;1\/2&#8243;][vc_column_text]UMA HIST\u00d3RIA DE DEDICA\u00c7\u00c3O E RESPEITO Em 23 de Junho de 1948 foi fundada em Botucatu pelo senhor Hor\u00e1cio Passos, a \u201cAssocia\u00e7\u00e3o Profissional dos Empregados no Com\u00e9rcio\u201d. Esse primeiro \u00f3rg\u00e3o representativo dos Comerci\u00e1rios, tinha como principal objetivo, defender seus principais anseios e diretos. Mais tarde, em 13 de Janeiro de 1955&hellip;<\/p>\n","protected":false},"author":1,"featured_media":0,"parent":0,"menu_order":0,"comment_status":"closed","ping_status":"closed","template":"","meta":[],"class_list":["post-35559","page","type-page","status-publish","hentry","description-off"],"_links":{"self":[{"href":"https:\/\/www.secbotucatu.org.br\/site\/wp-json\/wp\/v2\/pages\/35559","targetHints":{"allow":["GET"]}}],"collection":[{"href":"https:\/\/www.secbotucatu.org.br\/site\/wp-json\/wp\/v2\/pages"}],"about":[{"href":"https:\/\/www.secbotucatu.org.br\/site\/wp-json\/wp\/v2\/types\/page"}],"author":[{"embeddable":true,"href":"https:\/\/www.secbotucatu.org.br\/site\/wp-json\/wp\/v2\/users\/1"}],"replies":[{"embeddable":true,"href":"https:\/\/www.secbotucatu.org.br\/site\/wp-json\/wp\/v2\/comments?post=35559"}],"version-history":[{"count":13,"href":"https:\/\/www.secbotucatu.org.br\/site\/wp-json\/wp\/v2\/pages\/35559\/revisions"}],"predecessor-version":[{"id":48653,"href":"https:\/\/www.secbotucatu.org.br\/site\/wp-json\/wp\/v2\/pages\/35559\/revisions\/48653"}],"wp:attachment":[{"href":"https:\/\/www.secbotucatu.org.br\/site\/wp-json\/wp\/v2\/media?parent=35559"}],"curies":[{"name":"wp","href":"https:\/\/api.w.org\/{rel}","templated":true}]}}